{"id":2900,"date":"2015-12-10T13:29:09","date_gmt":"2015-12-10T13:29:09","guid":{"rendered":"http:\/\/themesgavias.com\/wp\/oxpitan\/shop\/"},"modified":"2022-05-08T14:13:24","modified_gmt":"2022-05-08T11:13:24","slug":"shop","status":"publish","type":"page","link":"https:\/\/www.crucearosie2.ro\/?page_id=2900","title":{"rendered":"Voluntariat"},"content":{"rendered":"\t\t<div data-elementor-type=\"wp-page\" data-elementor-id=\"2900\" class=\"elementor elementor-2900\" data-elementor-settings=\"[]\">\n\t\t\t\t\t\t\t<div class=\"elementor-section-wrap\">\n\t\t\t\t\t\t\t<section class=\"elementor-section elementor-top-section elementor-element elementor-element-faf0a6a elementor-section-boxed elementor-section-height-default elementor-section-height-default\" data-id=\"faf0a6a\" data-element_type=\"section\">\n\t\t\t\t\t\t<div class=\"elementor-container elementor-column-gap-default\">\n\t\t\t\t\t<div class=\"elementor-column elementor-col-100 elementor-top-column elementor-element elementor-element-001bed1 column-style-top column-top\" data-id=\"001bed1\" data-element_type=\"column\">\n\t\t\t<div class=\"elementor-widget-wrap elementor-element-populated\">\n\t\t\t\t\t\t\t\t<div class=\"elementor-element elementor-element-aaabe9c elementor-widget elementor-widget-text-editor\" data-id=\"aaabe9c\" data-element_type=\"widget\" data-widget_type=\"text-editor.default\">\n\t\t\t\t<div class=\"elementor-widget-container\">\n\t\t\t\t\t\t\t\t<p><strong style=\"box-sizing: border-box; font-weight: bolder; color: #212529; font-family: -apple-system, BlinkMacSystemFont, 'Segoe UI', Roboto, 'Helvetica Neue', Arial, 'Noto Sans', sans-serif, 'Apple Color Emoji', 'Segoe UI Emoji', 'Segoe UI Symbol', 'Noto Color Emoji'; font-size: 16px; font-style: normal; font-variant-ligatures: normal; font-variant-caps: normal; letter-spacing: normal; orphans: 2; text-align: left; text-indent: 0px; text-transform: none; white-space: normal; widows: 2; word-spacing: 0px; -webkit-text-stroke-width: 0px; background-color: #ffffff; text-decoration-thickness: initial; text-decoration-style: initial; text-decoration-color: initial;\">Implic\u0103-te! Fii voluntar de Cruce Ro\u0219ie!<\/strong><\/p>\t\t\t\t\t\t<\/div>\n\t\t\t\t<\/div>\n\t\t\t\t\t<\/div>\n\t\t<\/div>\n\t\t\t\t\t\t\t<\/div>\n\t\t<\/section>\n\t\t\t\t<section class=\"elementor-section elementor-top-section elementor-element elementor-element-3d2a546 elementor-section-boxed elementor-section-height-default elementor-section-height-default\" data-id=\"3d2a546\" data-element_type=\"section\">\n\t\t\t\t\t\t<div class=\"elementor-container elementor-column-gap-default\">\n\t\t\t\t\t<div class=\"elementor-column elementor-col-100 elementor-top-column elementor-element elementor-element-3393a07 column-style-top column-top\" data-id=\"3393a07\" data-element_type=\"column\">\n\t\t\t<div class=\"elementor-widget-wrap elementor-element-populated\">\n\t\t\t\t\t\t\t\t<div class=\"elementor-element elementor-element-217f052 elementor-widget elementor-widget-text-editor\" data-id=\"217f052\" data-element_type=\"widget\" data-widget_type=\"text-editor.default\">\n\t\t\t\t<div class=\"elementor-widget-container\">\n\t\t\t\t\t\t\t\t<p><span style=\"color: #212529; font-family: -apple-system, BlinkMacSystemFont, 'Segoe UI', Roboto, 'Helvetica Neue', Arial, 'Noto Sans', sans-serif, 'Apple Color Emoji', 'Segoe UI Emoji', 'Segoe UI Symbol', 'Noto Color Emoji'; font-size: 16px; font-style: normal; font-variant-ligatures: normal; font-variant-caps: normal; font-weight: 400; letter-spacing: normal; orphans: 2; text-align: left; text-indent: 0px; text-transform: none; white-space: normal; widows: 2; word-spacing: 0px; -webkit-text-stroke-width: 0px; background-color: #ffffff; text-decoration-thickness: initial; text-decoration-style: initial; text-decoration-color: initial; display: inline !important; float: none;\">Ai oportunitatea acum s\u0103 faci ceva pentru tine \u0219i pentru cei de l\u00e2ng\u0103 tine! Po\u021bi s\u0103 aju\u021bi un b\u0103tr\u00e2n s\u0103 z\u00e2mbeasc\u0103 din nou, s\u0103 dai speran\u021b\u0103 unui copil prins \u00een \u201eghiarele\u201d s\u0103r\u0103ciei, s\u0103 aju\u021bi o familie de sinistra\u021bi s\u0103-\u0219i refac\u0103 gospod\u0103ria, s\u0103 aju\u021bi un bolnav s\u0103-\u0219i recapete s\u0103n\u0103tatea.<\/span><\/p>\t\t\t\t\t\t<\/div>\n\t\t\t\t<\/div>\n\t\t\t\t\t<\/div>\n\t\t<\/div>\n\t\t\t\t\t\t\t<\/div>\n\t\t<\/section>\n\t\t\t\t<section class=\"elementor-section elementor-top-section elementor-element elementor-element-35b8c25 elementor-section-boxed elementor-section-height-default elementor-section-height-default\" data-id=\"35b8c25\" data-element_type=\"section\">\n\t\t\t\t\t\t<div class=\"elementor-container elementor-column-gap-default\">\n\t\t\t\t\t<div class=\"elementor-column elementor-col-100 elementor-top-column elementor-element elementor-element-8424dab column-style-top column-top\" data-id=\"8424dab\" data-element_type=\"column\">\n\t\t\t<div class=\"elementor-widget-wrap elementor-element-populated\">\n\t\t\t\t\t\t\t\t<div class=\"elementor-element elementor-element-01ab605 elementor-widget elementor-widget-text-editor\" data-id=\"01ab605\" data-element_type=\"widget\" data-widget_type=\"text-editor.default\">\n\t\t\t\t<div class=\"elementor-widget-container\">\n\t\t\t\t\t\t\t\t<p><strong style=\"box-sizing: border-box; font-weight: bolder; color: #212529; font-family: -apple-system, BlinkMacSystemFont, 'Segoe UI', Roboto, 'Helvetica Neue', Arial, 'Noto Sans', sans-serif, 'Apple Color Emoji', 'Segoe UI Emoji', 'Segoe UI Symbol', 'Noto Color Emoji'; font-size: 16px; font-style: normal; font-variant-ligatures: normal; font-variant-caps: normal; letter-spacing: normal; orphans: 2; text-align: left; text-indent: 0px; text-transform: none; white-space: normal; widows: 2; word-spacing: 0px; -webkit-text-stroke-width: 0px; background-color: #ffffff; text-decoration-thickness: initial; text-decoration-style: initial; text-decoration-color: initial;\">F\u0103 \u0219i tu ceea ce noi facem de 146 de ani! Al\u0103tur\u0103-te visului comun al \u00eenainta\u0219ilor no\u0219tri.<\/strong><\/p>\t\t\t\t\t\t<\/div>\n\t\t\t\t<\/div>\n\t\t\t\t\t<\/div>\n\t\t<\/div>\n\t\t\t\t\t\t\t<\/div>\n\t\t<\/section>\n\t\t\t\t<section class=\"elementor-section elementor-top-section elementor-element elementor-element-22fd98f elementor-section-boxed elementor-section-height-default elementor-section-height-default\" data-id=\"22fd98f\" data-element_type=\"section\">\n\t\t\t\t\t\t<div class=\"elementor-container elementor-column-gap-default\">\n\t\t\t\t\t<div class=\"elementor-column elementor-col-100 elementor-top-column elementor-element elementor-element-bb91103 column-style-top column-top\" data-id=\"bb91103\" data-element_type=\"column\">\n\t\t\t<div class=\"elementor-widget-wrap elementor-element-populated\">\n\t\t\t\t\t\t\t\t<div class=\"elementor-element elementor-element-34c2609 elementor-widget elementor-widget-text-editor\" data-id=\"34c2609\" data-element_type=\"widget\" data-widget_type=\"text-editor.default\">\n\t\t\t\t<div class=\"elementor-widget-container\">\n\t\t\t\t\t\t\t\t<p><strong style=\"box-sizing: border-box; font-weight: bolder; color: #ff0000; font-family: -apple-system, BlinkMacSystemFont, 'Segoe UI', Roboto, 'Helvetica Neue', Arial, 'Noto Sans', sans-serif, 'Apple Color Emoji', 'Segoe UI Emoji', 'Segoe UI Symbol', 'Noto Color Emoji'; font-size: 16px; font-style: normal; font-variant-ligatures: normal; font-variant-caps: normal; letter-spacing: normal; orphans: 2; text-align: left; text-indent: 0px; text-transform: none; white-space: normal; widows: 2; word-spacing: 0px; -webkit-text-stroke-width: 0px; background-color: #ffffff; text-decoration-thickness: initial; text-decoration-style: initial; text-decoration-color: initial;\"><em style=\"box-sizing: border-box;\">\u201c\u2026Dac\u0103 a\u0219tept\u0103m s\u0103 tr\u0103im \u00eentr-o lume mai bun\u0103 trebuie s\u0103 contribuim la crearea ei. Pentru a fi schimbarea pe care ne-o dorim \u00een lume.\u201d <br \/><\/em><\/strong><\/p><p><strong style=\"box-sizing: border-box; font-weight: bolder; color: #ff0000; font-family: -apple-system, BlinkMacSystemFont, 'Segoe UI', Roboto, 'Helvetica Neue', Arial, 'Noto Sans', sans-serif, 'Apple Color Emoji', 'Segoe UI Emoji', 'Segoe UI Symbol', 'Noto Color Emoji'; font-size: 16px; font-style: normal; font-variant-ligatures: normal; font-variant-caps: normal; letter-spacing: normal; orphans: 2; text-align: left; text-indent: 0px; text-transform: none; white-space: normal; widows: 2; word-spacing: 0px; -webkit-text-stroke-width: 0px; background-color: #ffffff; text-decoration-thickness: initial; text-decoration-style: initial; text-decoration-color: initial;\"><em style=\"box-sizing: border-box;\">(Mahatma Ghandi).<\/em><\/strong><\/p>\t\t\t\t\t\t<\/div>\n\t\t\t\t<\/div>\n\t\t\t\t\t<\/div>\n\t\t<\/div>\n\t\t\t\t\t\t\t<\/div>\n\t\t<\/section>\n\t\t\t\t<section class=\"elementor-section elementor-top-section elementor-element elementor-element-8684ec5 elementor-section-boxed elementor-section-height-default elementor-section-height-default\" data-id=\"8684ec5\" data-element_type=\"section\">\n\t\t\t\t\t\t<div class=\"elementor-container elementor-column-gap-default\">\n\t\t\t\t\t<div class=\"elementor-column elementor-col-100 elementor-top-column elementor-element elementor-element-0f99908 column-style-top column-top\" data-id=\"0f99908\" data-element_type=\"column\">\n\t\t\t<div class=\"elementor-widget-wrap elementor-element-populated\">\n\t\t\t\t\t\t\t\t<div class=\"elementor-element elementor-element-703165f elementor-widget elementor-widget-text-editor\" data-id=\"703165f\" data-element_type=\"widget\" data-widget_type=\"text-editor.default\">\n\t\t\t\t<div class=\"elementor-widget-container\">\n\t\t\t\t\t\t\t\t<p><strong style=\"box-sizing: border-box; font-weight: bolder; color: #212529; font-family: -apple-system, BlinkMacSystemFont, 'Segoe UI', Roboto, 'Helvetica Neue', Arial, 'Noto Sans', sans-serif, 'Apple Color Emoji', 'Segoe UI Emoji', 'Segoe UI Symbol', 'Noto Color Emoji'; font-size: 16px; font-style: normal; font-variant-ligatures: normal; font-variant-caps: normal; letter-spacing: normal; orphans: 2; text-align: left; text-indent: 0px; text-transform: none; white-space: normal; widows: 2; word-spacing: 0px; -webkit-text-stroke-width: 0px; background-color: #ffffff; text-decoration-thickness: initial; text-decoration-style: initial; text-decoration-color: initial;\">Defini\u021bie:<\/strong><\/p>\t\t\t\t\t\t<\/div>\n\t\t\t\t<\/div>\n\t\t\t\t\t<\/div>\n\t\t<\/div>\n\t\t\t\t\t\t\t<\/div>\n\t\t<\/section>\n\t\t\t\t<section class=\"elementor-section elementor-top-section elementor-element elementor-element-a0c19df elementor-section-boxed elementor-section-height-default elementor-section-height-default\" data-id=\"a0c19df\" data-element_type=\"section\">\n\t\t\t\t\t\t<div class=\"elementor-container elementor-column-gap-default\">\n\t\t\t\t\t<div class=\"elementor-column elementor-col-100 elementor-top-column elementor-element elementor-element-287efd9 column-style-top column-top\" data-id=\"287efd9\" data-element_type=\"column\">\n\t\t\t<div class=\"elementor-widget-wrap elementor-element-populated\">\n\t\t\t\t\t\t\t\t<div class=\"elementor-element elementor-element-8ca142f elementor-widget elementor-widget-text-editor\" data-id=\"8ca142f\" data-element_type=\"widget\" data-widget_type=\"text-editor.default\">\n\t\t\t\t<div class=\"elementor-widget-container\">\n\t\t\t\t\t\t\t\t<p style=\"box-sizing: border-box; margin-top: 0px; margin-bottom: 1rem; color: #212529; font-family: -apple-system, BlinkMacSystemFont, 'Segoe UI', Roboto, 'Helvetica Neue', Arial, 'Noto Sans', sans-serif, 'Apple Color Emoji', 'Segoe UI Emoji', 'Segoe UI Symbol', 'Noto Color Emoji'; font-size: 16px; font-style: normal; font-variant-ligatures: normal; font-variant-caps: normal; font-weight: 400; letter-spacing: normal; orphans: 2; text-align: left; text-indent: 0px; text-transform: none; white-space: normal; widows: 2; word-spacing: 0px; -webkit-text-stroke-width: 0px; background-color: #ffffff; text-decoration-thickness: initial; text-decoration-style: initial; text-decoration-color: initial;\">Conform legii rom\u00e2ne Voluntariatul este activitatea de interes public desf\u0103\u0219urat\u0103 din proprie ini\u021biativ\u0103 de orice persoan\u0103 fizic\u0103, \u00een folosul altora, f\u0103r\u0103 a primi o contrapresta\u021bie material\u0103.<br style=\"box-sizing: border-box;\" \/>Activitatea de voluntariat este reglementat\u0103 \u00een Rom\u00e2nia prin\u00a0<a style=\"box-sizing: border-box; color: #007bff; text-decoration: none; background-color: transparent;\" href=\"https:\/\/societa-my.sharepoint.com\/personal\/ict_crucearosie_ro\/Documents\/Legislatie\/Legea%20voluntariatului.pdf?originalPath=aHR0cHM6Ly9zb2NpZXRhLW15LnNoYXJlcG9pbnQuY29tLzpiOi9nL3BlcnNvbmFsL2ljdF9jcnVjZWFyb3NpZV9yby9FYU9pQVQ3N0dyQkt2d01PcXpvOFd3MEJmaWNOR1ZzckxfWXdXOURzVkhhZDV3P3J0aW1lPUxDd253UlpVMlVn\" target=\"_blank\" rel=\"noopener noreferrer\">Legea 195\/2001<\/a>.<\/p>\n<p style=\"box-sizing: border-box; margin-top: 0px; margin-bottom: 1rem; color: #212529; font-family: -apple-system, BlinkMacSystemFont, 'Segoe UI', Roboto, 'Helvetica Neue', Arial, 'Noto Sans', sans-serif, 'Apple Color Emoji', 'Segoe UI Emoji', 'Segoe UI Symbol', 'Noto Color Emoji'; font-size: 16px; font-style: normal; font-variant-ligatures: normal; font-variant-caps: normal; font-weight: 400; letter-spacing: normal; orphans: 2; text-align: left; text-indent: 0px; text-transform: none; white-space: normal; widows: 2; word-spacing: 0px; -webkit-text-stroke-width: 0px; background-color: #ffffff; text-decoration-thickness: initial; text-decoration-style: initial; text-decoration-color: initial;\">Voluntariatul \u00een cadrul Mi\u0219c\u0103rii de Cruce Ro\u0219ie \u0219i Semilun\u0103 Ro\u0219ie este o activitate:<br style=\"box-sizing: border-box;\" \/>\u2013 motivat\u0103 de consim\u0163am\u00e2ntul liber al persoanei care voluntariaz\u0103 \u0219i nu de dorin\u0163a unui c\u00e2stig financiar sau material sau de presiuni externe de natur\u0103 social\u0103, economic\u0103 sau politic\u0103;<br style=\"box-sizing: border-box;\" \/>\u2013 desf\u0103\u0219urat\u0103 \u00een beneficiul categoriilor \u0219i comunit\u0103\u021bilor vulnerabile \u0219i \u00een concordan\u021b\u0103 cu Principiile Fundamentale ale Mi\u0219c\u0103rii Interna\u021bionale de Cruce Ro\u0219ie \u0219i Semilun\u0103 Ro\u0219ie;<br style=\"box-sizing: border-box;\" \/>\u2013 organizat\u0103 de reprezentan\u021bi recunoscu\u021bi ai Societ\u0103\u021bii Na\u021bionale de Cruce Ro\u0219ie.<\/p>\t\t\t\t\t\t<\/div>\n\t\t\t\t<\/div>\n\t\t\t\t\t<\/div>\n\t\t<\/div>\n\t\t\t\t\t\t\t<\/div>\n\t\t<\/section>\n\t\t\t\t<section class=\"elementor-section elementor-top-section elementor-element elementor-element-2b57654 elementor-section-boxed elementor-section-height-default elementor-section-height-default\" data-id=\"2b57654\" data-element_type=\"section\">\n\t\t\t\t\t\t<div class=\"elementor-container elementor-column-gap-default\">\n\t\t\t\t\t<div class=\"elementor-column elementor-col-100 elementor-top-column elementor-element elementor-element-3db0097 column-style-top column-top\" data-id=\"3db0097\" data-element_type=\"column\">\n\t\t\t<div class=\"elementor-widget-wrap elementor-element-populated\">\n\t\t\t\t\t\t\t\t<div class=\"elementor-element elementor-element-f0d3dd1 elementor-widget elementor-widget-text-editor\" data-id=\"f0d3dd1\" data-element_type=\"widget\" data-widget_type=\"text-editor.default\">\n\t\t\t\t<div class=\"elementor-widget-container\">\n\t\t\t\t\t\t\t\t<h4 style=\"box-sizing: border-box; margin-top: 0px; margin-bottom: 0.5rem; font-weight: 500; line-height: 1.2; font-size: 1.5rem; color: #212529; font-family: -apple-system, BlinkMacSystemFont, 'Segoe UI', Roboto, 'Helvetica Neue', Arial, 'Noto Sans', sans-serif, 'Apple Color Emoji', 'Segoe UI Emoji', 'Segoe UI Symbol', 'Noto Color Emoji'; font-style: normal; font-variant-ligatures: normal; font-variant-caps: normal; letter-spacing: normal; orphans: 2; text-align: left; text-indent: 0px; text-transform: none; white-space: normal; widows: 2; word-spacing: 0px; -webkit-text-stroke-width: 0px; background-color: #ffffff; text-decoration-thickness: initial; text-decoration-style: initial; text-decoration-color: initial;\"><strong style=\"box-sizing: border-box; font-weight: bolder;\">Profilul voluntarului de Cruce Ro\u0219ie<\/strong><\/h4>\t\t\t\t\t\t<\/div>\n\t\t\t\t<\/div>\n\t\t\t\t\t<\/div>\n\t\t<\/div>\n\t\t\t\t\t\t\t<\/div>\n\t\t<\/section>\n\t\t\t\t<section class=\"elementor-section elementor-top-section elementor-element elementor-element-f69b4f2 elementor-section-boxed elementor-section-height-default elementor-section-height-default\" data-id=\"f69b4f2\" data-element_type=\"section\">\n\t\t\t\t\t\t<div class=\"elementor-container elementor-column-gap-default\">\n\t\t\t\t\t<div class=\"elementor-column elementor-col-100 elementor-top-column elementor-element elementor-element-92411ed column-style-top column-top\" data-id=\"92411ed\" data-element_type=\"column\">\n\t\t\t<div class=\"elementor-widget-wrap elementor-element-populated\">\n\t\t\t\t\t\t\t\t<div class=\"elementor-element elementor-element-09af27b elementor-widget elementor-widget-text-editor\" data-id=\"09af27b\" data-element_type=\"widget\" data-widget_type=\"text-editor.default\">\n\t\t\t\t<div class=\"elementor-widget-container\">\n\t\t\t\t\t\t\t\t<div class=\"col-sm-12 col-md-12 p-content\" style=\"box-sizing: border-box; position: relative; width: 730px; padding-right: 15px; padding-left: 15px; flex: 0 0 100%; max-width: 100%; color: #212529; font-family: -apple-system, BlinkMacSystemFont, 'Segoe UI', Roboto, 'Helvetica Neue', Arial, 'Noto Sans', sans-serif, 'Apple Color Emoji', 'Segoe UI Emoji', 'Segoe UI Symbol', 'Noto Color Emoji'; font-size: 16px; font-style: normal; font-variant-ligatures: normal; font-variant-caps: normal; font-weight: 400; letter-spacing: normal; orphans: 2; text-align: left; text-indent: 0px; text-transform: none; white-space: normal; widows: 2; word-spacing: 0px; -webkit-text-stroke-width: 0px; background-color: #ffffff; text-decoration-thickness: initial; text-decoration-style: initial; text-decoration-color: initial;\">\n<ul style=\"box-sizing: border-box; margin-top: 0px; margin-bottom: 1rem;\">\n \t<li style=\"box-sizing: border-box;\">Voluntarul are minim 16 ani;<\/li>\n \t<li style=\"box-sizing: border-box;\">Voluntarul de Cruce Ro\u0219ie este un om bun pentru o lume mai bun\u0103;<\/li>\n \t<li style=\"box-sizing: border-box;\">Voluntarul de Cruce Ro\u0219ie nu se \u00eencadreaza \u00eentr-o categorie socio-demografic\u0103 specific\u0103 \u2013\u00a0<strong style=\"box-sizing: border-box; font-weight: bolder;\">ORICINE POATE FI VOLUNTAR DE CRUCE RO\u0218<\/strong><strong style=\"box-sizing: border-box; font-weight: bolder;\">IE.<\/strong>\u00a0Singurele condi\u021bii pentru a deveni voluntar sunt dorin\u021ba sincer\u0103 de a oferi timp pentru o activitate umanitar\u0103 \u0219i respectarea codului de conduit\u0103 al voluntarului;<\/li>\n \t<li style=\"box-sizing: border-box;\">Voluntarul de Cruce Ro\u0219ie ac\u021bioneaz\u0103 \u00een cadrul organiza\u021biei \u00een spiritul principiilor de baz\u0103 ale Mi\u0219c\u0103rii Interna\u021bionale de Cruce Ro\u0219ie \u0219i Semilun\u0103 Ro\u0219ie;<\/li>\n \t<li style=\"box-sizing: border-box;\">Voluntarul de Cruce Ro\u0219ie \u00eentelege \u0219i se bucur\u0103 de beneficiile activit\u0103\u021bii sale.<\/li>\n<\/ul>\n<\/div>\n<p style=\"box-sizing: border-box; margin-top: 0px; margin-bottom: 1rem; color: #212529; font-family: -apple-system, BlinkMacSystemFont, 'Segoe UI', Roboto, 'Helvetica Neue', Arial, 'Noto Sans', sans-serif, 'Apple Color Emoji', 'Segoe UI Emoji', 'Segoe UI Symbol', 'Noto Color Emoji'; font-size: 16px; font-style: normal; font-variant-ligatures: normal; font-variant-caps: normal; font-weight: 400; letter-spacing: normal; orphans: 2; text-align: left; text-indent: 0px; text-transform: none; white-space: normal; widows: 2; word-spacing: 0px; -webkit-text-stroke-width: 0px; background-color: #ffffff; text-decoration-thickness: initial; text-decoration-style: initial; text-decoration-color: initial;\"><span style=\"box-sizing: border-box; color: #ff0000;\"><strong style=\"box-sizing: border-box; font-weight: bolder;\"><em style=\"box-sizing: border-box;\">\u00a0<\/em><\/strong><\/span><a style=\"box-sizing: border-box; color: #007bff; text-decoration: none; background-color: #ffffff; font-size: 1rem;\" href=\"https:\/\/www.crucearosie2.ro\/wp-content\/uploads\/2021\/07\/FORMULARDEINSCRIERECAVOLUNTAR.pdf\">FORMULAR-DE-INSCRIERE-CA-VOLUNTAR<\/a><\/p>\t\t\t\t\t\t<\/div>\n\t\t\t\t<\/div>\n\t\t\t\t\t<\/div>\n\t\t<\/div>\n\t\t\t\t\t\t\t<\/div>\n\t\t<\/section>\n\t\t\t\t<section class=\"elementor-section elementor-top-section elementor-element elementor-element-b6d3b4f elementor-section-boxed elementor-section-height-default elementor-section-height-default\" data-id=\"b6d3b4f\" data-element_type=\"section\">\n\t\t\t\t\t\t<div class=\"elementor-container elementor-column-gap-default\">\n\t\t\t\t\t<div class=\"elementor-column elementor-col-100 elementor-top-column elementor-element elementor-element-41501d4 column-style-top column-top\" data-id=\"41501d4\" data-element_type=\"column\">\n\t\t\t<div class=\"elementor-widget-wrap elementor-element-populated\">\n\t\t\t\t\t\t\t\t<div class=\"elementor-element elementor-element-094bc44 elementor-widget elementor-widget-image\" data-id=\"094bc44\" data-element_type=\"widget\" data-widget_type=\"image.default\">\n\t\t\t\t<div class=\"elementor-widget-container\">\n\t\t\t\t\t\t\t\t\t\t\t\t\t\t\t<img loading=\"lazy\" decoding=\"async\" width=\"750\" height=\"510\" src=\"https:\/\/www.crucearosie2.ro\/wp-content\/uploads\/2021\/07\/004-750x510.jpg\" class=\"attachment-medium size-medium\" alt=\"\" \/>\t\t\t\t\t\t\t\t\t\t\t\t\t\t\t<\/div>\n\t\t\t\t<\/div>\n\t\t\t\t\t<\/div>\n\t\t<\/div>\n\t\t\t\t\t\t\t<\/div>\n\t\t<\/section>\n\t\t\t\t\t\t<\/div>\n\t\t\t\t\t<\/div>\n\t\t","protected":false},"excerpt":{"rendered":"<p>Implic\u0103-te! Fii voluntar de Cruce Ro\u0219ie! Ai oportunitatea acum s\u0103 faci ceva pentru tine \u0219i pentru cei de l\u00e2ng\u0103 tine! Po\u021bi s\u0103 aju\u021bi un b\u0103tr\u00e2n s\u0103 z\u00e2mbeasc\u0103 din nou, s\u0103 dai speran\u021b\u0103 unui copil prins \u00een \u201eghiarele\u201d s\u0103r\u0103ciei, s\u0103 aju\u021bi o familie de sinistra\u021bi s\u0103-\u0219i refac\u0103 gospod\u0103ria, s\u0103 aju\u021bi un bolnav s\u0103-\u0219i recapete s\u0103n\u0103tatea. F\u0103 [&hellip;]<\/p>\n","protected":false},"author":1,"featured_media":0,"parent":0,"menu_order":0,"comment_status":"closed","ping_status":"closed","template":"","meta":{"footnotes":""},"class_list":["post-2900","page","type-page","status-publish","hentry"],"_links":{"self":[{"href":"https:\/\/www.crucearosie2.ro\/index.php?rest_route=\/wp\/v2\/pages\/2900","targetHints":{"allow":["GET"]}}],"collection":[{"href":"https:\/\/www.crucearosie2.ro\/index.php?rest_route=\/wp\/v2\/pages"}],"about":[{"href":"https:\/\/www.crucearosie2.ro\/index.php?rest_route=\/wp\/v2\/types\/page"}],"author":[{"embeddable":true,"href":"https:\/\/www.crucearosie2.ro\/index.php?rest_route=\/wp\/v2\/users\/1"}],"replies":[{"embeddable":true,"href":"https:\/\/www.crucearosie2.ro\/index.php?rest_route=%2Fwp%2Fv2%2Fcomments&post=2900"}],"version-history":[{"count":25,"href":"https:\/\/www.crucearosie2.ro\/index.php?rest_route=\/wp\/v2\/pages\/2900\/revisions"}],"predecessor-version":[{"id":4929,"href":"https:\/\/www.crucearosie2.ro\/index.php?rest_route=\/wp\/v2\/pages\/2900\/revisions\/4929"}],"wp:attachment":[{"href":"https:\/\/www.crucearosie2.ro\/index.php?rest_route=%2Fwp%2Fv2%2Fmedia&parent=2900"}],"curies":[{"name":"wp","href":"https:\/\/api.w.org\/{rel}","templated":true}]}}